{"id":5038,"date":"2021-02-17T20:34:41","date_gmt":"2021-02-17T20:34:41","guid":{"rendered":"http:\/\/help.cobraszamlazoprogram.hu\/?page_id=5038"},"modified":"2021-02-17T20:43:04","modified_gmt":"2021-02-17T20:43:04","slug":"v2021-1","status":"publish","type":"page","link":"https:\/\/help.cobraszamlazoprogram.hu\/index.php\/v2021-1\/","title":{"rendered":"v2021.1"},"content":{"rendered":"<p>Megjelent a CobraContoLight programban a T\u00e1vnyomtat\u00e1s funkci\u00f3. B\u0151vebben\u00a0<a href=\"http:\/\/help.cobraszamlazoprogram.hu\/index.php\/2021\/02\/17\/tavnyomtatas\/\">T\u00e1vnyomtat\u00e1s bejegyz\u00e9s\u00fcnkben<\/a>.<\/p>\n","protected":false},"excerpt":{"rendered":"<p>Megjelent a CobraContoLight programban a T\u00e1vnyomtat\u00e1s funkci\u00f3. B\u0151vebben\u00a0T\u00e1vnyomtat\u00e1s bejegyz\u00e9s\u00fcnkben.<\/p>\n","protected":false},"author":1,"featured_media":0,"parent":0,"menu_order":0,"comment_status":"closed","ping_status":"closed","template":"","meta":[],"_links":{"self":[{"href":"https:\/\/help.cobraszamlazoprogram.hu\/index.php\/wp-json\/wp\/v2\/pages\/5038"}],"collection":[{"href":"https:\/\/help.cobraszamlazoprogram.hu\/index.php\/wp-json\/wp\/v2\/pages"}],"about":[{"href":"https:\/\/help.cobraszamlazoprogram.hu\/index.php\/wp-json\/wp\/v2\/types\/page"}],"author":[{"embeddable":true,"href":"https:\/\/help.cobraszamlazoprogram.hu\/index.php\/wp-json\/wp\/v2\/users\/1"}],"replies":[{"embeddable":true,"href":"https:\/\/help.cobraszamlazoprogram.hu\/index.php\/wp-json\/wp\/v2\/comments?post=5038"}],"version-history":[{"count":1,"href":"https:\/\/help.cobraszamlazoprogram.hu\/index.php\/wp-json\/wp\/v2\/pages\/5038\/revisions"}],"predecessor-version":[{"id":5039,"href":"https:\/\/help.cobraszamlazoprogram.hu\/index.php\/wp-json\/wp\/v2\/pages\/5038\/revisions\/5039"}],"wp:attachment":[{"href":"https:\/\/help.cobraszamlazoprogram.hu\/index.php\/wp-json\/wp\/v2\/media?parent=5038"}],"curies":[{"name":"wp","href":"https:\/\/api.w.org\/{rel}","templated":true}]}}