{"id":4876,"date":"2020-06-16T08:37:16","date_gmt":"2020-06-16T08:37:16","guid":{"rendered":"http:\/\/help.cobraszamlazoprogram.hu\/?page_id=4876"},"modified":"2020-06-16T14:54:25","modified_gmt":"2020-06-16T14:54:25","slug":"v2020-2","status":"publish","type":"page","link":"https:\/\/help.cobraszamlazoprogram.hu\/index.php\/v2020-2\/","title":{"rendered":"v2020.2"},"content":{"rendered":"<p>A 2020.07.01-t\u0151l k\u00e9t fontos v\u00e1ltoz\u00e1st kell figyelembe venni a sz\u00e1ml\u00e1t ki\u00e1ll\u00edt\u00f3 c\u00e9geknek:<\/p>\n<ol>\n<li style=\"text-align: justify;\">A\u00a0<strong>NAV Online Sz\u00e1mla Rendszerben\u00a0<\/strong>a belf\u00f6ldi ad\u00f3alany r\u00e9sz\u00e9re ki\u00e1ll\u00edtott sz\u00e1ml\u00e1kat\u00a0az \u00e1th\u00e1r\u00edtott \u00e1fa \u00e9rt\u00e9k\u00e9t\u0151l f\u00fcggetlen\u00fcl jelenteni kell. Teh\u00e1t az \u00e1th\u00e1r\u00edtott ad\u00f3t nem tartalmaz\u00f3 sz\u00e1ml\u00e1k is jelent\u00e9si k\u00f6telezetts\u00e9g al\u00e1 esnek 2020 j\u00falius 1-t\u0151l, \u00edgy p\u00e9ld\u00e1ul a bef\u00f6ldi ford\u00edtott \u00e1f\u00e1s sz\u00e1ml\u00e1k, illetve a t\u00e1rgyi ad\u00f3mentes sz\u00e1ml\u00e1k is.<\/li>\n<li style=\"text-align: justify;\">Az online adatszolg\u00e1ltat\u00e1si k\u00f6telezetts\u00e9g kiterjeszt\u00e9s\u00e9vel \u00f6sszhangban a sz\u00e1mla k\u00f6telez\u0151 adattartalmi elemei is v\u00e1ltoznak. \u00cdgy 2020.07.01-t\u0151l a sz\u00e1ml\u00e1n<strong> k\u00f6telez\u0151 lesz felt\u00fcntetni a vev\u0151 ad\u00f3sz\u00e1m\u00e1nak, illetve csoportos ad\u00f3alanyok eset\u00e9n a csoportazonos\u00edt\u00f3 sz\u00e1m\u00e1nak els\u0151 nyolc sz\u00e1mjegy\u00e9t<\/strong> felt\u00e9ve, ha a ki\u00e1ll\u00edtott sz\u00e1ml\u00e1r\u00f3l online adatszolg\u00e1ltat\u00e1st kell teljes\u00edtenie a sz\u00e1mla kibocs\u00e1t\u00f3j\u00e1nak.<\/li>\n<\/ol>\n<p>&nbsp;<\/p>\n<p style=\"text-align: center;\"><strong>Ha \u00d6n most friss\u00edti valamely 2019-es vagy m\u00e9g kor\u00e1bbi CobraContoLight verzi\u00f3j\u00fa programj\u00e1t, k\u00e9rj\u00fck felt\u00e9tlen\u00fcl olvassa el a\u00a0<a href=\"http:\/\/help.cobraszamlazoprogram.hu\/index.php\/ccl-verziok\/v2020-1\/\">2020.1-es verzi\u00f3 t\u00e1j\u00e9koztat\u00f3j\u00e1t<\/a>\u00a0is!<\/strong><\/p>\n<p>\u00dcgyfeleink munk\u00e1j\u00e1t \u00e9s t\u00f6rv\u00e9nyi megfelel\u0151s\u00e9g\u00e9t seg\u00edtend\u0151, a 2020.2-es v\u00e1ltozatban h\u00e1rom fontos fejleszt\u00e9s jelenik meg:<\/p>\n<h4>\u00c9rtes\u00edt\u00e9sek<\/h4>\n<p>Mostant\u00f3l a CobraContoLight program a MOSZR felel\u0151s felhaszn\u00e1l\u00f3 sz\u00e1m\u00e1ra \u00e9rtes\u00edt\u00e9st ad a kezelend\u0151 sz\u00e1ml\u00e1kr\u00f3l a st\u00e1tuszsorban. A st\u00e1tuszsorban megjelenik egy MOSZR felirat\u00fa elem, mely el\u0151tt ikon jelzi, hogy a sz\u00e1ml\u00e1k k\u00f6z\u00f6tt van-e kezelend\u0151.<br \/>\nH\u00e1rom \u00e1llapota van:<br \/>\n1. Van hib\u00e1s adatszolg\u00e1ltat\u00e1s:\u00a0Meg\u00e1llap\u00edtani a hiba ok\u00e1t, jav\u00edtani<\/p>\n<p id=\"NIdaFzB\"><img loading=\"lazy\" width=\"865\" height=\"67\" class=\"size-full wp-image-4877 aligncenter\" src=\"http:\/\/help.cobraszamlazoprogram.hu\/wp-content\/uploads\/2020\/06\/img_5eddd470ac3cb.png\" alt=\"\" srcset=\"https:\/\/help.cobraszamlazoprogram.hu\/wp-content\/uploads\/2020\/06\/img_5eddd470ac3cb.png 865w, https:\/\/help.cobraszamlazoprogram.hu\/wp-content\/uploads\/2020\/06\/img_5eddd470ac3cb-300x23.png 300w, https:\/\/help.cobraszamlazoprogram.hu\/wp-content\/uploads\/2020\/06\/img_5eddd470ac3cb-250x19.png 250w\" sizes=\"(max-width: 865px) 100vw, 865px\" \/><\/p>\n<p>2. Csak figyelmeztet\u00e9s van:\u00a0\u00c9rdemes megn\u00e9zni az ok\u00e1t, de ett\u0151l az adatszolg\u00e1ltat\u00e1s sikeres<\/p>\n<p id=\"rMZQOVx\"><img loading=\"lazy\" width=\"878\" height=\"52\" class=\"size-full wp-image-4880 aligncenter\" src=\"http:\/\/help.cobraszamlazoprogram.hu\/wp-content\/uploads\/2020\/06\/img_5edde53a49bd3.png\" alt=\"\" srcset=\"https:\/\/help.cobraszamlazoprogram.hu\/wp-content\/uploads\/2020\/06\/img_5edde53a49bd3.png 878w, https:\/\/help.cobraszamlazoprogram.hu\/wp-content\/uploads\/2020\/06\/img_5edde53a49bd3-300x18.png 300w, https:\/\/help.cobraszamlazoprogram.hu\/wp-content\/uploads\/2020\/06\/img_5edde53a49bd3-250x15.png 250w\" sizes=\"(max-width: 878px) 100vw, 878px\" \/><\/p>\n<p>3. Minden rendben<\/p>\n<p id=\"XlovWMR\"><img loading=\"lazy\" class=\"wp-image-4883 aligncenter\" src=\"http:\/\/help.cobraszamlazoprogram.hu\/wp-content\/uploads\/2020\/06\/img_5ee1f4a623ac1.png\" alt=\"\" width=\"886\" height=\"59\" \/><\/p>\n<p>Az egeret a st\u00e1tusz-elem f\u00f6l\u00f6tt tartva egy bubor\u00e9k-\u00fczenetben r\u00e9szletesebb statisztikai inform\u00e1ci\u00f3kat kapunk.<\/p>\n<p id=\"wNrrSXn\"><img loading=\"lazy\" width=\"924\" height=\"178\" class=\"size-full wp-image-4878 aligncenter\" src=\"http:\/\/help.cobraszamlazoprogram.hu\/wp-content\/uploads\/2020\/06\/img_5eddd4c44b9ce.png\" alt=\"\" srcset=\"https:\/\/help.cobraszamlazoprogram.hu\/wp-content\/uploads\/2020\/06\/img_5eddd4c44b9ce.png 924w, https:\/\/help.cobraszamlazoprogram.hu\/wp-content\/uploads\/2020\/06\/img_5eddd4c44b9ce-300x58.png 300w, https:\/\/help.cobraszamlazoprogram.hu\/wp-content\/uploads\/2020\/06\/img_5eddd4c44b9ce-250x48.png 250w\" sizes=\"(max-width: 924px) 100vw, 924px\" \/><\/p>\n<p>&nbsp;<\/p>\n<p>Amennyiben olyan sz\u00e1mla tal\u00e1lhat\u00f3 a rendszerben, melyet nem siker\u00fclt feladni, vagy azt a NAV hib\u00e1snak min\u0151s\u00edtette, akkor a\u00a0MOSZR felel\u0151s felhaszn\u00e1l\u00f3 sz\u00e1m\u00e1ra m\u00e1r bel\u00e9p\u00e9skor figyelmeztet\u0151 \u00fczenetet jelenik meg. Pl.:<\/p>\n<p id=\"lThkWVr\"><img loading=\"lazy\" width=\"879\" height=\"717\" class=\"alignnone size-full wp-image-4886 aligncenter\" src=\"http:\/\/help.cobraszamlazoprogram.hu\/wp-content\/uploads\/2020\/06\/img_5ee31b411d588.png\" alt=\"\" srcset=\"https:\/\/help.cobraszamlazoprogram.hu\/wp-content\/uploads\/2020\/06\/img_5ee31b411d588.png 879w, https:\/\/help.cobraszamlazoprogram.hu\/wp-content\/uploads\/2020\/06\/img_5ee31b411d588-300x245.png 300w, https:\/\/help.cobraszamlazoprogram.hu\/wp-content\/uploads\/2020\/06\/img_5ee31b411d588-250x204.png 250w\" sizes=\"(max-width: 879px) 100vw, 879px\" \/><\/p>\n<p>&nbsp;<\/p>\n<p>A MOSZR feliratra kattintva a statisztikai elemz\u00e9s \u00fajb\u00f3l lefuttathat\u00f3, az eredm\u00e9ny friss\u00edti a st\u00e1tusz-elemet:<\/p>\n<p id=\"wosWrXT\"><img loading=\"lazy\" width=\"855\" height=\"760\" class=\"size-full wp-image-4879 aligncenter\" src=\"http:\/\/help.cobraszamlazoprogram.hu\/wp-content\/uploads\/2020\/06\/img_5eddd50550bbc.png\" alt=\"\" srcset=\"https:\/\/help.cobraszamlazoprogram.hu\/wp-content\/uploads\/2020\/06\/img_5eddd50550bbc.png 855w, https:\/\/help.cobraszamlazoprogram.hu\/wp-content\/uploads\/2020\/06\/img_5eddd50550bbc-300x267.png 300w, https:\/\/help.cobraszamlazoprogram.hu\/wp-content\/uploads\/2020\/06\/img_5eddd50550bbc-250x222.png 250w\" sizes=\"(max-width: 855px) 100vw, 855px\" \/><\/p>\n<p>&nbsp;<\/p>\n<h4>Ad\u00f3sz\u00e1m\u00a0azonos\u00edt\u00f3k elnevez\u00e9sei<\/h4>\n<p>A\u00a0jobb \u00e9rthet\u0151s\u00e9g \u00e9s egy\u00e9rtelm\u0171s\u00e9g kedv\u00e9\u00e9rt az ad\u00f3sz\u00e1mokat tartalmaz\u00f3 mez\u0151k nevei megv\u00e1ltoztak a sz\u00e1mla\u00edr\u00f3 ablakon \u00e9s a partner szerkeszt\u0151 ablakon:<\/p>\n<p>A &#8220;Honi&#8221; \u00e1tnevez\u00e9sre ker\u00fclt, \u00faj neve &#8220;<strong>Honi\/Csoport tag<\/strong>&#8220;, jelezve ezzel, hogy egyszer\u0171 \u00e1faalany eset\u00e9ben tov\u00e1bbra is itt kell megadni a belf\u00f6ldi ad\u00f3sz\u00e1mot, de csoportos ad\u00f3alanyis\u00e1g eset\u00e9n ide kell ker\u00fclnie a csoport tag ad\u00f3sz\u00e1m\u00e1nak (4-es \u00c1FA-k\u00f3d).<\/p>\n<p>Az &#8220;EU&#8221; \u00e1tnevez\u00e9sre ker\u00fclt, \u00faj neve &#8220;<strong>K\u00f6z\u00f6ss\u00e9gi (EU)<\/strong>&#8220;.<\/p>\n<p>A &#8220;Csoportos&#8221; \u00e1tnevez\u00e9sre ker\u00fclt, \u00faj neve &#8220;<strong>Csoport azonos\u00edt\u00f3<\/strong>&#8220;, jelezve ezzel, hogy amennyiben a partner csoportos \u00e1faalany, ebbe a mez\u0151be \u00edrjuk a\u00a0 csoport azonos\u00edt\u00f3 sz\u00e1mot (5-\u00f6s \u00c1FA-k\u00f3d).<\/p>\n<p>P\u00e9ld\u00e1ul a BKK Zrt eset\u00e9n a NAV lek\u00e9rdez\u0151 fel\u00fclet\u00e9n (https:\/\/www.nav.gov.hu\/nav\/adatbazisok\/adatbleker\/csoportos_afaalanyok) kapott adatok:<\/p>\n<p id=\"DZTLvsU\"><img loading=\"lazy\" class=\" wp-image-4900 aligncenter\" src=\"http:\/\/help.cobraszamlazoprogram.hu\/wp-content\/uploads\/2020\/06\/img_5ee8d68bac07c.png\" alt=\"\" width=\"1024\" height=\"424\" srcset=\"https:\/\/help.cobraszamlazoprogram.hu\/wp-content\/uploads\/2020\/06\/img_5ee8d68bac07c.png 1126w, https:\/\/help.cobraszamlazoprogram.hu\/wp-content\/uploads\/2020\/06\/img_5ee8d68bac07c-300x124.png 300w, https:\/\/help.cobraszamlazoprogram.hu\/wp-content\/uploads\/2020\/06\/img_5ee8d68bac07c-1024x424.png 1024w, https:\/\/help.cobraszamlazoprogram.hu\/wp-content\/uploads\/2020\/06\/img_5ee8d68bac07c-250x103.png 250w\" sizes=\"(max-width: 1024px) 100vw, 1024px\" \/><\/p>\n<p>\u00cdgy ker\u00fclnek a programba:<\/p>\n<p id=\"cUSghOd\"><img loading=\"lazy\" width=\"605\" height=\"226\" class=\"size-full wp-image-4901 aligncenter\" src=\"http:\/\/help.cobraszamlazoprogram.hu\/wp-content\/uploads\/2020\/06\/img_5ee8d6c8894af.png\" alt=\"\" srcset=\"https:\/\/help.cobraszamlazoprogram.hu\/wp-content\/uploads\/2020\/06\/img_5ee8d6c8894af.png 605w, https:\/\/help.cobraszamlazoprogram.hu\/wp-content\/uploads\/2020\/06\/img_5ee8d6c8894af-300x112.png 300w, https:\/\/help.cobraszamlazoprogram.hu\/wp-content\/uploads\/2020\/06\/img_5ee8d6c8894af-250x93.png 250w\" sizes=\"(max-width: 605px) 100vw, 605px\" \/><\/p>\n<h4>Ad\u00f3sz\u00e1m ellen\u0151rz\u00e9s<\/h4>\n<p>A partnert\u00f6rzsben t\u00e1rolt c\u00e9gek ad\u00f3sz\u00e1m\u00e1t m\u00e1r a kor\u00e1bbi verzi\u00f3ban is ellen\u0151rizni lehetett a NAV \u00e1ltal biztos\u00edtott szolg\u00e1ltat\u00e1son kereszt\u00fcl, mely az ad\u00f3sz\u00e1m els\u0151 8 karakter\u00e9t tudja valid\u00e1lni.<\/p>\n<p>Mostant\u00f3l viszont a sz\u00e1mla v\u00e9gleges\u00edt\u00e9skor is lefut t\u00f6bb ellen\u0151rz\u00e9s, amennyiben a sz\u00e1mlat\u00f6mb Online Sz\u00e1mla Rendszerbe feladand\u00f3:<\/p>\n<p id=\"fmzNOuu\"><img loading=\"lazy\" width=\"693\" height=\"169\" class=\"size-full wp-image-4893 aligncenter\" src=\"http:\/\/help.cobraszamlazoprogram.hu\/wp-content\/uploads\/2020\/06\/img_5ee87d23584db.png\" alt=\"\" srcset=\"https:\/\/help.cobraszamlazoprogram.hu\/wp-content\/uploads\/2020\/06\/img_5ee87d23584db.png 693w, https:\/\/help.cobraszamlazoprogram.hu\/wp-content\/uploads\/2020\/06\/img_5ee87d23584db-300x73.png 300w, https:\/\/help.cobraszamlazoprogram.hu\/wp-content\/uploads\/2020\/06\/img_5ee87d23584db-250x61.png 250w\" sizes=\"(max-width: 693px) 100vw, 693px\" \/><\/p>\n<p>Ha nem feladand\u00f3 sz\u00e1mlat\u00f6mb, akkor nincs semmilyen ellen\u0151rz\u00e9s.<\/p>\n<h5><strong>Belf\u00f6ldi\u00a0\u00fcgylett\u00edpus eset\u00e9n<\/strong><\/h5>\n<p>Ha a vev\u0151 nem term\u00e9szetes szem\u00e9lynek van jel\u00f6lve, akkor k\u00f6telez\u0151 hogy a honi vagy csoportos ad\u00f3sz\u00e1m k\u00f6z\u00fcl legyen legal\u00e1bb az egyik meg legyen adva. Hi\u00e1ny eset\u00e9n hiba\u00fczenet ad a program:<\/p>\n<p id=\"lpYDKXe\"><img loading=\"lazy\" width=\"729\" height=\"436\" class=\"size-full wp-image-4902 aligncenter\" src=\"http:\/\/help.cobraszamlazoprogram.hu\/wp-content\/uploads\/2020\/06\/img_5ee8d73635496.png\" alt=\"\" srcset=\"https:\/\/help.cobraszamlazoprogram.hu\/wp-content\/uploads\/2020\/06\/img_5ee8d73635496.png 729w, https:\/\/help.cobraszamlazoprogram.hu\/wp-content\/uploads\/2020\/06\/img_5ee8d73635496-300x179.png 300w, https:\/\/help.cobraszamlazoprogram.hu\/wp-content\/uploads\/2020\/06\/img_5ee8d73635496-250x150.png 250w\" sizes=\"(max-width: 729px) 100vw, 729px\" \/><\/p>\n<p>A megadott ad\u00f3sz\u00e1mnak helyesnek is kell lennie. Ellen\u0151rz\u00e9se el\u0151bb ellen\u0151rz\u0151sz\u00e1m kalkul\u00e1ci\u00f3val, majd a\u00a0NAV Online rendszeren kereszt\u00fcl t\u00f6rt\u00e9nik.<br \/>\nFormailag hib\u00e1s ad\u00f3sz\u00e1m (eleve nem l\u00e9tezhet ilyen) eset\u00e9n az \u00fczenet:<\/p>\n<p id=\"HzFmdOb\"><img loading=\"lazy\" width=\"724\" height=\"441\" class=\"size-full wp-image-4904 aligncenter\" src=\"http:\/\/help.cobraszamlazoprogram.hu\/wp-content\/uploads\/2020\/06\/img_5ee8d8ba6b0ab.png\" alt=\"\" srcset=\"https:\/\/help.cobraszamlazoprogram.hu\/wp-content\/uploads\/2020\/06\/img_5ee8d8ba6b0ab.png 724w, https:\/\/help.cobraszamlazoprogram.hu\/wp-content\/uploads\/2020\/06\/img_5ee8d8ba6b0ab-300x183.png 300w, https:\/\/help.cobraszamlazoprogram.hu\/wp-content\/uploads\/2020\/06\/img_5ee8d8ba6b0ab-250x152.png 250w\" sizes=\"(max-width: 724px) 100vw, 724px\" \/><\/p>\n<p>Formailag helyes, de a NAV adatb\u00e1zis\u00e1ban nem l\u00e9tez\u0151 ad\u00f3sz\u00e1m eset\u00e9n a hiba\u00fczenet:<\/p>\n<p id=\"CrFwgrW\"><img loading=\"lazy\" width=\"714\" height=\"438\" class=\"size-full wp-image-4903 aligncenter\" src=\"http:\/\/help.cobraszamlazoprogram.hu\/wp-content\/uploads\/2020\/06\/img_5ee8d7be68dcc.png\" alt=\"\" srcset=\"https:\/\/help.cobraszamlazoprogram.hu\/wp-content\/uploads\/2020\/06\/img_5ee8d7be68dcc.png 714w, https:\/\/help.cobraszamlazoprogram.hu\/wp-content\/uploads\/2020\/06\/img_5ee8d7be68dcc-300x184.png 300w, https:\/\/help.cobraszamlazoprogram.hu\/wp-content\/uploads\/2020\/06\/img_5ee8d7be68dcc-250x153.png 250w\" sizes=\"(max-width: 714px) 100vw, 714px\" \/><\/p>\n<p>A szoftver a csoportos ad\u00f3sz\u00e1mot is ellen\u0151rzi:<\/p>\n<p id=\"nlcHNqI\"><img loading=\"lazy\" width=\"758\" height=\"448\" class=\"alignnone size-full wp-image-4905 aligncenter\" src=\"http:\/\/help.cobraszamlazoprogram.hu\/wp-content\/uploads\/2020\/06\/img_5ee8d92683865.png\" alt=\"\" srcset=\"https:\/\/help.cobraszamlazoprogram.hu\/wp-content\/uploads\/2020\/06\/img_5ee8d92683865.png 758w, https:\/\/help.cobraszamlazoprogram.hu\/wp-content\/uploads\/2020\/06\/img_5ee8d92683865-300x177.png 300w, https:\/\/help.cobraszamlazoprogram.hu\/wp-content\/uploads\/2020\/06\/img_5ee8d92683865-250x148.png 250w\" sizes=\"(max-width: 758px) 100vw, 758px\" \/><\/p>\n<h5><strong>EU tag\u00e1llam \u00fcgylett\u00edpus<\/strong><\/h5>\n<p><strong>EU tag\u00e1llam \u00fcgylett\u00edpus eset\u00e9n<\/strong>\u00a0k\u00f6telez\u0151 az EU ad\u00f3sz\u00e1m, hi\u00e1nya eset\u00e9n hiba\u00fczenet:<\/p>\n<p id=\"XBjLHMq\"><img loading=\"lazy\" width=\"716\" height=\"435\" class=\"size-full wp-image-4906 aligncenter\" src=\"http:\/\/help.cobraszamlazoprogram.hu\/wp-content\/uploads\/2020\/06\/img_5ee8d961c03c8.png\" alt=\"\" srcset=\"https:\/\/help.cobraszamlazoprogram.hu\/wp-content\/uploads\/2020\/06\/img_5ee8d961c03c8.png 716w, https:\/\/help.cobraszamlazoprogram.hu\/wp-content\/uploads\/2020\/06\/img_5ee8d961c03c8-300x182.png 300w, https:\/\/help.cobraszamlazoprogram.hu\/wp-content\/uploads\/2020\/06\/img_5ee8d961c03c8-250x152.png 250w\" sizes=\"(max-width: 716px) 100vw, 716px\" \/><\/p>\n<p>A megadott k\u00f6z\u00f6ss\u00e9gi ad\u00f3sz\u00e1m ellen\u0151rz\u00e9se az<a href=\"https:\/\/ec.europa.eu\/taxation_customs\/vies\/?locale=hu\"> EU VIES<\/a> webszerviz\u00e9n kereszt\u00fcl t\u00f6rt\u00e9nik. Hiba eset\u00e9n \u00fczenet:<\/p>\n<p id=\"RzGirZr\"><img loading=\"lazy\" width=\"725\" height=\"436\" class=\"size-full wp-image-4907 aligncenter\" src=\"http:\/\/help.cobraszamlazoprogram.hu\/wp-content\/uploads\/2020\/06\/img_5ee8d9c0abf30.png\" alt=\"\" srcset=\"https:\/\/help.cobraszamlazoprogram.hu\/wp-content\/uploads\/2020\/06\/img_5ee8d9c0abf30.png 725w, https:\/\/help.cobraszamlazoprogram.hu\/wp-content\/uploads\/2020\/06\/img_5ee8d9c0abf30-300x180.png 300w, https:\/\/help.cobraszamlazoprogram.hu\/wp-content\/uploads\/2020\/06\/img_5ee8d9c0abf30-250x150.png 250w\" sizes=\"(max-width: 725px) 100vw, 725px\" \/><\/p>\n<h5><strong>Egy\u00e9b \u00fcgylett\u00edpus<\/strong><\/h5>\n<p><strong>Egy\u00e9b \u00fcgylett\u00edpus<\/strong> eset\u00e9n nem ellen\u0151rizz\u00fck.<\/p>\n<p>&nbsp;<\/p>\n<p>A technikai hib\u00e1t nem veszi a rendszer figyelembe, csak ha az Online Sz\u00e1mla Rendszer vagy a VIES \u00e9rt\u00e9kelhet\u0151 v\u00e1laszt ad (\u00e9rv\u00e9nyes vagy\u00a0nem \u00e9rv\u00e9nyes a bek\u00fcld\u00f6tt ad\u00f3sz\u00e1m), mert pl. h\u00e1l\u00f3zati hiba eset\u00e9n is \u00e9l a sz\u00e1mlaad\u00e1si k\u00f6telezetts\u00e9g. Honi ad\u00f3sz\u00e1mra a formai ellen\u0151rz\u00e9s viszont mindig lefut, mivel az nem f\u00fcgg interneten el\u00e9rhet\u0151 szolg\u00e1ltat\u00e1sokt\u00f3l.<\/p>\n","protected":false},"excerpt":{"rendered":"<p>A 2020.07.01-t\u0151l k\u00e9t fontos v\u00e1ltoz\u00e1st kell figyelembe venni a sz\u00e1ml\u00e1t ki\u00e1ll\u00edt\u00f3 c\u00e9geknek: A\u00a0NAV Online Sz\u00e1mla Rendszerben\u00a0a belf\u00f6ldi ad\u00f3alany r\u00e9sz\u00e9re ki\u00e1ll\u00edtott sz\u00e1ml\u00e1kat\u00a0az \u00e1th\u00e1r\u00edtott \u00e1fa \u00e9rt\u00e9k\u00e9t\u0151l f\u00fcggetlen\u00fcl jelenteni kell. Teh\u00e1t az \u00e1th\u00e1r\u00edtott ad\u00f3t nem tartalmaz\u00f3 sz\u00e1ml\u00e1k is jelent\u00e9si k\u00f6telezetts\u00e9g al\u00e1 esnek 2020 j\u00falius 1-t\u0151l, \u00edgy p\u00e9ld\u00e1ul a bef\u00f6ldi ford\u00edtott \u00e1f\u00e1s sz\u00e1ml\u00e1k, illetve a t\u00e1rgyi ad\u00f3mentes sz\u00e1ml\u00e1k is. Az online adatszolg\u00e1ltat\u00e1si k\u00f6telezetts\u00e9g kiterjeszt\u00e9s\u00e9vel \u00f6sszhangban a sz\u00e1mla k\u00f6telez\u0151 adattartalmi elemei is v\u00e1ltoznak. \u00cdgy 2020.07.01-t\u0151l a sz\u00e1ml\u00e1n k\u00f6telez\u0151 lesz felt\u00fcntetni [&hellip;]<\/p>\n","protected":false},"author":3,"featured_media":0,"parent":0,"menu_order":0,"comment_status":"closed","ping_status":"closed","template":"","meta":[],"_links":{"self":[{"href":"https:\/\/help.cobraszamlazoprogram.hu\/index.php\/wp-json\/wp\/v2\/pages\/4876"}],"collection":[{"href":"https:\/\/help.cobraszamlazoprogram.hu\/index.php\/wp-json\/wp\/v2\/pages"}],"about":[{"href":"https:\/\/help.cobraszamlazoprogram.hu\/index.php\/wp-json\/wp\/v2\/types\/page"}],"author":[{"embeddable":true,"href":"https:\/\/help.cobraszamlazoprogram.hu\/index.php\/wp-json\/wp\/v2\/users\/3"}],"replies":[{"embeddable":true,"href":"https:\/\/help.cobraszamlazoprogram.hu\/index.php\/wp-json\/wp\/v2\/comments?post=4876"}],"version-history":[{"count":7,"href":"https:\/\/help.cobraszamlazoprogram.hu\/index.php\/wp-json\/wp\/v2\/pages\/4876\/revisions"}],"predecessor-version":[{"id":4909,"href":"https:\/\/help.cobraszamlazoprogram.hu\/index.php\/wp-json\/wp\/v2\/pages\/4876\/revisions\/4909"}],"wp:attachment":[{"href":"https:\/\/help.cobraszamlazoprogram.hu\/index.php\/wp-json\/wp\/v2\/media?parent=4876"}],"curies":[{"name":"wp","href":"https:\/\/api.w.org\/{rel}","templated":true}]}}