{"id":4914,"date":"2020-09-28T11:46:25","date_gmt":"2020-09-28T11:46:25","guid":{"rendered":"http:\/\/help.cobraszamlazoprogram.hu\/?page_id=4914"},"modified":"2020-10-11T19:30:38","modified_gmt":"2020-10-11T19:30:38","slug":"v2020-3-1","status":"publish","type":"page","link":"http:\/\/help.cobraszamlazoprogram.hu\/index.php\/v2020-3-1\/","title":{"rendered":"v2020.3.1"},"content":{"rendered":"<h4><strong>Sz\u00e1ml\u00e1z\u00e1s<\/strong><\/h4>\n<p>Funkci\u00f3b\u0151v\u00fcl\u00e9s<\/p>\n<ul>\n<li>Az Online Sz\u00e1mla Rendszer \/ Karbantart\u00e1s \/ Be\u00e1ll\u00edt\u00e1sok men\u00fcpont alatt az [OK] gomb megnyom\u00e1s\u00e1nak hat\u00e1s\u00e1ra lefut\u00f3 ellen\u0151rz\u00e9s mostant\u00f3l azt is ki\u00edrja, hogy melyik (\u00e9les v. teszt rendszer) be\u00e1ll\u00edt\u00e1ssal van gond:\n<p id=\"uWkgxIp\"><img loading=\"lazy\" width=\"585\" height=\"509\" class=\"size-full wp-image-4915 aligncenter\" src=\"http:\/\/help.cobraszamlazoprogram.hu\/wp-content\/uploads\/2020\/09\/img_5f71ca6398351.png\" alt=\"\" srcset=\"http:\/\/help.cobraszamlazoprogram.hu\/wp-content\/uploads\/2020\/09\/img_5f71ca6398351.png 585w, http:\/\/help.cobraszamlazoprogram.hu\/wp-content\/uploads\/2020\/09\/img_5f71ca6398351-300x261.png 300w, http:\/\/help.cobraszamlazoprogram.hu\/wp-content\/uploads\/2020\/09\/img_5f71ca6398351-250x218.png 250w\" sizes=\"(max-width: 585px) 100vw, 585px\" \/><\/p>\n<\/li>\n<li>Mostant\u00f3l a program figyelembe veszi, ha EU-s term\u00e9szetes szem\u00e9lynek \u00e1ll\u00edtunk ki EU-s \u00fcgylettel egy deviz\u00e1s sz\u00e1ml\u00e1t\u00a0\u00e9s v\u00e9gleges\u00edt\u00e9skor nem k\u00e9ri az EU-s ad\u00f3sz\u00e1m megad\u00e1s\u00e1t.<\/li>\n<li>Amennyiben\u00a0belf\u00f6ldi sz\u00e1ml\u00e1n a vev\u0151 nem kapcsol\u00f3dik a partnert\u00f6rzsh\u00f6z (k\u00e9zzel megadott, nem partnert\u00f6zsb\u0151l v\u00e1lasztott), \u00e9s \u00fcres a honi-, \u00e9s\/vagy csoport ad\u00f3sz\u00e1m mez\u0151, akkor egy k\u00e9rd\u00e9st tesz, hogy mag\u00e1nszem\u00e9lyr\u0151l van-e sz\u00f3:<img src=\"http:\/\/www.cobra.hu\/bt\/file_download.php?file_id=1810&amp;type=bug\" alt=\"\" \/><img src=\"http:\/\/www.cobra.hu\/bt\/file_download.php?file_id=1810&amp;type=bug\" alt=\"\" \/><img src=\"http:\/\/www.cobra.hu\/bt\/file_download.php?file_id=1810&amp;type=bug\" alt=\"\" \/>\n<p id=\"cqbdQsY\"><img loading=\"lazy\" width=\"1167\" height=\"669\" class=\"alignnone size-full wp-image-4920 \" src=\"http:\/\/help.cobraszamlazoprogram.hu\/wp-content\/uploads\/2020\/09\/img_5f71cb502dedf.png\" alt=\"\" srcset=\"http:\/\/help.cobraszamlazoprogram.hu\/wp-content\/uploads\/2020\/09\/img_5f71cb502dedf.png 1167w, http:\/\/help.cobraszamlazoprogram.hu\/wp-content\/uploads\/2020\/09\/img_5f71cb502dedf-300x172.png 300w, http:\/\/help.cobraszamlazoprogram.hu\/wp-content\/uploads\/2020\/09\/img_5f71cb502dedf-1024x587.png 1024w, http:\/\/help.cobraszamlazoprogram.hu\/wp-content\/uploads\/2020\/09\/img_5f71cb502dedf-250x143.png 250w\" sizes=\"(max-width: 1167px) 100vw, 1167px\" \/><\/p>\n<\/li>\n<li>Amennyiben m\u0171szaki hiba miatt (megszakad\u00f3 internetkapcsolat, NAV szerver el\u00e9rhetetlens\u00e9ge felad\u00e1s k\u00f6zben) a programban &#8220;beragad&#8221; a sz\u00e1mla, vagyis \u00fagy \u00e9rz\u00e9keli, hogy a felad\u00e1s vagy st\u00e1tusz lek\u00e9rdez\u00e9s folyamatban van, sz\u00fcks\u00e9ges ezen sz\u00e1ml\u00e1k z\u00e1rol\u00e1s\u00e1nak felold\u00e1sa. Ezt a m\u0171veletet az Admin programban a\u00a0F\u0151men\u00fc \/ MOSZR \/ Z\u00e1rolt MOSZR rekordok z\u00e1rol\u00e1s\u00e1nak felold\u00e1sa funkci\u00f3val tudjuk elv\u00e9gezni.\u00a0Fontos!\u00a0El\u0151tte gondoskodni kell arr\u00f3l, hogy minden felhaszn\u00e1l\u00f3 kijelentkezzen!<\/li>\n<\/ul>\n","protected":false},"excerpt":{"rendered":"<p>Sz\u00e1ml\u00e1z\u00e1s Funkci\u00f3b\u0151v\u00fcl\u00e9s Az Online Sz\u00e1mla Rendszer \/ Karbantart\u00e1s \/ Be\u00e1ll\u00edt\u00e1sok men\u00fcpont alatt az [OK] gomb megnyom\u00e1s\u00e1nak hat\u00e1s\u00e1ra lefut\u00f3 ellen\u0151rz\u00e9s mostant\u00f3l azt is ki\u00edrja, hogy melyik (\u00e9les v. teszt rendszer) be\u00e1ll\u00edt\u00e1ssal van gond: Mostant\u00f3l a program figyelembe veszi, ha EU-s term\u00e9szetes szem\u00e9lynek \u00e1ll\u00edtunk ki EU-s \u00fcgylettel egy deviz\u00e1s sz\u00e1ml\u00e1t\u00a0\u00e9s v\u00e9gleges\u00edt\u00e9skor nem k\u00e9ri az EU-s ad\u00f3sz\u00e1m megad\u00e1s\u00e1t. Amennyiben\u00a0belf\u00f6ldi sz\u00e1ml\u00e1n a vev\u0151 nem kapcsol\u00f3dik a partnert\u00f6rzsh\u00f6z (k\u00e9zzel megadott, nem partnert\u00f6zsb\u0151l v\u00e1lasztott), \u00e9s \u00fcres a honi-, \u00e9s\/vagy csoport ad\u00f3sz\u00e1m [&hellip;]<\/p>\n","protected":false},"author":3,"featured_media":0,"parent":0,"menu_order":0,"comment_status":"closed","ping_status":"closed","template":"","meta":[],"_links":{"self":[{"href":"http:\/\/help.cobraszamlazoprogram.hu\/index.php\/wp-json\/wp\/v2\/pages\/4914"}],"collection":[{"href":"http:\/\/help.cobraszamlazoprogram.hu\/index.php\/wp-json\/wp\/v2\/pages"}],"about":[{"href":"http:\/\/help.cobraszamlazoprogram.hu\/index.php\/wp-json\/wp\/v2\/types\/page"}],"author":[{"embeddable":true,"href":"http:\/\/help.cobraszamlazoprogram.hu\/index.php\/wp-json\/wp\/v2\/users\/3"}],"replies":[{"embeddable":true,"href":"http:\/\/help.cobraszamlazoprogram.hu\/index.php\/wp-json\/wp\/v2\/comments?post=4914"}],"version-history":[{"count":2,"href":"http:\/\/help.cobraszamlazoprogram.hu\/index.php\/wp-json\/wp\/v2\/pages\/4914\/revisions"}],"predecessor-version":[{"id":4922,"href":"http:\/\/help.cobraszamlazoprogram.hu\/index.php\/wp-json\/wp\/v2\/pages\/4914\/revisions\/4922"}],"wp:attachment":[{"href":"http:\/\/help.cobraszamlazoprogram.hu\/index.php\/wp-json\/wp\/v2\/media?parent=4914"}],"curies":[{"name":"wp","href":"https:\/\/api.w.org\/{rel}","templated":true}]}}