{"id":4065,"date":"2017-03-30T13:10:41","date_gmt":"2017-03-30T13:10:41","guid":{"rendered":"http:\/\/help.cobraszamlazoprogram.hu\/?page_id=4065"},"modified":"2017-03-30T13:34:46","modified_gmt":"2017-03-30T13:34:46","slug":"licencek","status":"publish","type":"page","link":"http:\/\/help.cobraszamlazoprogram.hu\/index.php\/gyik\/licencek\/","title":{"rendered":"Licencek"},"content":{"rendered":"<style>        <\/style><div  class=\"ewd-ufaq-faq-list ewd-ufaq-page-type-distinct\" id='ewd-ufaq-faq-list'>\n\n\t<input type='hidden' name='include_category' value='\u2019licencekezeles\u2019' id='ewd-ufaq-include-category' \/>\n<input type='hidden' name='exclude_category' value='' id='ewd-ufaq-exclude-category' \/>\n<input type='hidden' name='orderby' value='title' id='ewd-ufaq-orderby' \/>\n<input type='hidden' name='order' value='asc' id='ewd-ufaq-order' \/>\n<input type='hidden' name='post_count' value='-1' id='ewd-ufaq-post-count' \/>\n<input type='hidden' name='current_url' value='\/index.php\/wp-json\/wp\/v2\/pages\/4065' id='ewd-ufaq-current-url' \/>\n\t\n\t\n\t<div class='ewd-ufaq-faqs'>\n\n\t\t<div  class=\"ewd-ufaq-faq-div ewd-ufaq-faq-column-count-one ewd-ufaq-faq-responsive-columns- ewd-ufaq-faq-display-style-default\" id='ewd-ufaq-post-4073-DlQUgLqzUx' data-post_id='4073'>\n\n\t<div class='ewd-ufaq-faq-title '>\n\t\n\t<a class='ewd-ufaq-post-margin'  href='http:\/\/help.cobraszamlazoprogram.hu\/index.php\/ufaq\/licence-importalas-es-aktivalas\/'>\n\n\t\t<div class='ewd-ufaq-post-margin-symbol ewd-ufaq-'>\n\t\t\t<span >a<\/span>\n\t\t<\/div>\n\n\t\t<div class='ewd-ufaq-faq-title-text'>\n\n\t\t\t<h4>\n\t\t\t\tLicence import\u00e1l\u00e1s \u00e9s aktiv\u00e1l\u00e1s\t\t\t<\/h4>\n\n\t\t<\/div>\n\n\t\t<div class='ewd-ufaq-clear'><\/div>\n\n\t<\/a>\n\t\n<\/div>\n\t<div class='ewd-ufaq-faq-excerpt'>\n\t<p>Rendelkezek ccl.lic f\u00e1jllal, de nem tudom, mit tegyek vele<\/p>\n<\/div>\n\t<div class='ewd-ufaq-faq-body ewd-ufaq-hidden' >\n\n\t\t\n\t<\/div>\n\n<\/div><div  class=\"ewd-ufaq-faq-div ewd-ufaq-faq-column-count-one ewd-ufaq-faq-responsive-columns- ewd-ufaq-faq-display-style-default\" id='ewd-ufaq-post-4068-09yR0gkfZy' data-post_id='4068'>\n\n\t<div class='ewd-ufaq-faq-title '>\n\t\n\t<a class='ewd-ufaq-post-margin'  href='http:\/\/help.cobraszamlazoprogram.hu\/index.php\/ufaq\/mit-tartalmaz-a-licencem\/'>\n\n\t\t<div class='ewd-ufaq-post-margin-symbol ewd-ufaq-'>\n\t\t\t<span >a<\/span>\n\t\t<\/div>\n\n\t\t<div class='ewd-ufaq-faq-title-text'>\n\n\t\t\t<h4>\n\t\t\t\tMit tartalmaz a licencem?\t\t\t<\/h4>\n\n\t\t<\/div>\n\n\t\t<div class='ewd-ufaq-clear'><\/div>\n\n\t<\/a>\n\t\n<\/div>\n\t<div class='ewd-ufaq-faq-excerpt'>\n\t<p>Meddig \u00e9rv\u00e9nyes?<br \/>\nMely modulok haszn\u00e1lat\u00e1ra vagyunk jogosultak?<br \/>\nH\u00e1ny felhaszn\u00e1l\u00f3val?<\/p>\n<\/div>\n\t<div class='ewd-ufaq-faq-body ewd-ufaq-hidden' >\n\n\t\t\n\t<\/div>\n\n<\/div>\n\t<\/div>\n\n\t\n<\/div>\n","protected":false},"excerpt":{"rendered":"<p>A Mit tartalmaz a licencem? Meddig \u00e9rv\u00e9nyes? Mely modulok haszn\u00e1lat\u00e1ra vagyunk jogosultak? H\u00e1ny felhaszn\u00e1l\u00f3val?<\/p>\n","protected":false},"author":3,"featured_media":0,"parent":3953,"menu_order":3,"comment_status":"closed","ping_status":"closed","template":"","meta":[],"_links":{"self":[{"href":"http:\/\/help.cobraszamlazoprogram.hu\/index.php\/wp-json\/wp\/v2\/pages\/4065"}],"collection":[{"href":"http:\/\/help.cobraszamlazoprogram.hu\/index.php\/wp-json\/wp\/v2\/pages"}],"about":[{"href":"http:\/\/help.cobraszamlazoprogram.hu\/index.php\/wp-json\/wp\/v2\/types\/page"}],"author":[{"embeddable":true,"href":"http:\/\/help.cobraszamlazoprogram.hu\/index.php\/wp-json\/wp\/v2\/users\/3"}],"replies":[{"embeddable":true,"href":"http:\/\/help.cobraszamlazoprogram.hu\/index.php\/wp-json\/wp\/v2\/comments?post=4065"}],"version-history":[{"count":4,"href":"http:\/\/help.cobraszamlazoprogram.hu\/index.php\/wp-json\/wp\/v2\/pages\/4065\/revisions"}],"predecessor-version":[{"id":4075,"href":"http:\/\/help.cobraszamlazoprogram.hu\/index.php\/wp-json\/wp\/v2\/pages\/4065\/revisions\/4075"}],"up":[{"embeddable":true,"href":"http:\/\/help.cobraszamlazoprogram.hu\/index.php\/wp-json\/wp\/v2\/pages\/3953"}],"wp:attachment":[{"href":"http:\/\/help.cobraszamlazoprogram.hu\/index.php\/wp-json\/wp\/v2\/media?parent=4065"}],"curies":[{"name":"wp","href":"https:\/\/api.w.org\/{rel}","templated":true}]}}