{"id":3993,"date":"2017-03-29T11:38:46","date_gmt":"2017-03-29T11:38:46","guid":{"rendered":"http:\/\/help.cobraszamlazoprogram.hu\/?page_id=3993"},"modified":"2017-04-04T09:00:56","modified_gmt":"2017-04-04T09:00:56","slug":"bemutato-video-a-frissitesrol","status":"publish","type":"page","link":"http:\/\/help.cobraszamlazoprogram.hu\/index.php\/bemutato-video-a-frissitesrol\/","title":{"rendered":"Bemutat\u00f3 vide\u00f3 a friss\u00edt\u00e9sr\u0151l"},"content":{"rendered":"<div style=\"width: 780px;\" class=\"wp-video\"><!--[if lt IE 9]><script>document.createElement('video');<\/script><![endif]-->\n<video class=\"wp-video-shortcode\" id=\"video-3993-1\" width=\"780\" height=\"585\" preload=\"metadata\" controls=\"controls\"><source type=\"video\/mp4\" src=\"http:\/\/help.cobraszamlazoprogram.hu\/wp-content\/uploads\/2017\/04\/Kliens_program_friss\u00edt\u00e9se.mp4?_=1\" \/><a href=\"http:\/\/help.cobraszamlazoprogram.hu\/wp-content\/uploads\/2017\/04\/Kliens_program_friss\u00edt\u00e9se.mp4\">http:\/\/help.cobraszamlazoprogram.hu\/wp-content\/uploads\/2017\/04\/Kliens_program_friss\u00edt\u00e9se.mp4<\/a><\/video><\/div>\n","protected":false},"excerpt":{"rendered":"","protected":false},"author":3,"featured_media":0,"parent":0,"menu_order":0,"comment_status":"closed","ping_status":"closed","template":"","meta":[],"_links":{"self":[{"href":"http:\/\/help.cobraszamlazoprogram.hu\/index.php\/wp-json\/wp\/v2\/pages\/3993"}],"collection":[{"href":"http:\/\/help.cobraszamlazoprogram.hu\/index.php\/wp-json\/wp\/v2\/pages"}],"about":[{"href":"http:\/\/help.cobraszamlazoprogram.hu\/index.php\/wp-json\/wp\/v2\/types\/page"}],"author":[{"embeddable":true,"href":"http:\/\/help.cobraszamlazoprogram.hu\/index.php\/wp-json\/wp\/v2\/users\/3"}],"replies":[{"embeddable":true,"href":"http:\/\/help.cobraszamlazoprogram.hu\/index.php\/wp-json\/wp\/v2\/comments?post=3993"}],"version-history":[{"count":5,"href":"http:\/\/help.cobraszamlazoprogram.hu\/index.php\/wp-json\/wp\/v2\/pages\/3993\/revisions"}],"predecessor-version":[{"id":4083,"href":"http:\/\/help.cobraszamlazoprogram.hu\/index.php\/wp-json\/wp\/v2\/pages\/3993\/revisions\/4083"}],"wp:attachment":[{"href":"http:\/\/help.cobraszamlazoprogram.hu\/index.php\/wp-json\/wp\/v2\/media?parent=3993"}],"curies":[{"name":"wp","href":"https:\/\/api.w.org\/{rel}","templated":true}]}}